Let x = 31 + -28. Suppose x*r + 2*c = -c + 69, 4*r = -c + 92. What is the units digit of r?
3
What is the thousands digit of 1039581/459 + 6/51?
2
Suppose q - 199 = 137. What is the units digit of (q/(-36))/((-2)/15)?
0
Let m be (20/(-8))/(3/(-6)). What is the units digit of (-2)/m + (-314)/(-10)?
1
Suppose -8*b = -7*b + 2*a - 2995, 0 = -5*b - 4*a + 14999. What is the tens digit of b?
0
Let q(v) = -v**3 + 15*v**2 - 10*v + 25. What is the tens digit of q(10)?
2
What is the tens digit of (-38248)/21*27/(-36)?
6
Let o(r) = 46*r**3 + 4*r. What is the hundreds digit of o(2)?
3
Let a(v) = -249*v - 34. What is the units digit of a(-2)?
4
Suppose -3*m = -240 + 6. Suppose 0*w + w - m = 0. What is the units digit of w?
8
Let y = 1118 + -653. What is the units digit of y?
5
Let u(t) = -t**2 + 16*t - 8. Let i be ((-3)/(-5))/((-10)/(-150)). Let k be u(i). Suppose k = 2*q - 15. What is the tens digit of q?
3
Let c = 91 - 95. What is the tens digit of (c + 15/5)*(-118)/2?
5
Let x be (0/3 - 0)*1. Suppose -b + 0*b - 6 = x. Let j(i) = -i**2 - 11*i + 5. What is the units digit of j(b)?
5
Suppose -55 - 10921 = -14*s. What is the hundreds digit of s?
7
Let r = 340 - 71. What is the hundreds digit of r?
2
Let f(h) = -33*h**2 - h - 5. Let j be f(3). What is the units digit of (j/(-15))/((-1)/(-3))?
1
Let r = -19 - -316. What is the tens digit of r?
9
What is the units digit of ((-16163)/(-14) + -1)/(6/4)?
9
Suppose 22*j = 15*j + 35. What is the hundreds digit of 0 - j/10*-332?
1
Let a be 3 + -3 + (-2)/(-1). What is the tens digit of (76 + -1)/1 - a?
7
Let l be 0 + -9 + 22/11. Let v = l - -10. Suppose 23 = v*t - 133. What is the units digit of t?
2
Let i(l) = -6*l + 9. Let k be i(7). Let n = k + 143. What is the units digit of n?
0
Suppose 3*t - 1314 = 1434. What is the hundreds digit of t?
9
Suppose 2*w = 5*w - 36. Let d = w + -7. Suppose -d*m + 27 + 8 = 0. What is the units digit of m?
7
Let n be 4/7 - 152/(-28). Suppose 3*t - n*d = -d, -4 = -2*t + 2*d. Suppose t*s = 33 + 42. What is the units digit of s?
5
Suppose 3964*y = 3975*y - 57618. What is the tens digit of y?
3
Let h = 21 + -15. Suppose 0 = -2*j + 20 - h. Suppose 0 = -q - j + 38. What is the tens digit of q?
3
What is the thousands digit of (2442/5)/(((-132)/(-40))/11)?
1
Let o(t) be the second derivative of -t**5/20 + 7*t**4/12 - t**3 + 11*t**2/2 - 15*t. What is the tens digit of o(6)?
1
Let u = 966 - 561. Suppose 0 = -5*z + u - 90. What is the tens digit of z?
6
Suppose -6*h = -9*h + 15. Suppose -2*w + 176 = h*b - 0*w, -2*b + 5*w + 82 = 0. What is the tens digit of (4 - 3) + -4 + b?
3
Let q(s) = -2*s + 2*s - 1 + 3 + s. Let u be q(-1). Suppose d = u + 23. What is the tens digit of d?
2
Let o be (-2)/(-16) - (-41)/(-8). Let d = 211 + o. What is the tens digit of d?
0
Let p = 3070 - 1033. What is the units digit of p?
7
Let d(c) = -2*c + 8. Let u be d(3). Suppose u*n = -2*f - 0*f + 168, 3*f - 3*n = 270. What is the tens digit of f?
8
Let w(o) = -2*o - 3. Let m be w(-4). What is the tens digit of 18/m*(3200/12)/8?
2
Let o(d) = 11*d - 5*d - 7*d + 23*d. What is the tens digit of o(2)?
4
What is the units digit of (-4)/12*(7 - 2236)?
3
Let b = 30 - 3. Suppose t = -3*m - 9 + b, -m + 4*t - 7 = 0. What is the units digit of m?
5
Suppose b = -2*a + 32, -3*a + 5*a - 76 = -3*b. Let v = b - 66. Let o = v - -78. What is the units digit of o?
4
Let o = 323 - 75. What is the units digit of o?
8
Let t = -2406 + 1396. What is the hundreds digit of 3/(-2)*1*t/15?
1
Let g(p) = -6*p**2 + p**2 + 10*p + 4 - 2 + 4*p**2. Let u be g(10). Suppose -26 = -u*y + 18. What is the tens digit of y?
2
Let w(q) = -210*q + 358. What is the tens digit of w(-14)?
9
Suppose -u - 4*f - 9 + 0 = 0, -3*f = 12. Suppose -u*w = -5*w - 90. What is the tens digit of (-117)/2*(-30)/w?
3
Let c(j) = -j + 10. Let q = 2 + 4. Let d be c(q). Let i = 22 - d. What is the units digit of i?
8
Let q be (-34)/4*82 + -3. Let x = -479 - q. What is the units digit of (x/26)/(2/12)?
1
Suppose -3*k = -2*z - 4, -3*z + z - k + 12 = 0. Suppose 3*t = 2*o + o - 75, 5*o - 98 = -z*t. What is the tens digit of o?
2
Let g(p) = -92*p - 2. Let k(q) = 92*q + 3. Let m(x) = -6*g(x) - 5*k(x). What is the units digit of m(1)?
9
Suppose -4*t + 25 = t. Let h be (t - 17)*1/(-2). Suppose 2*s - h = -3*i + 11, 0 = -i - 3*s + 8. What is the units digit of i?
5
Suppose 14*l - 11682 - 10508 = 0. What is the tens digit of l?
8
Suppose -11*m = -7*m - 8. Suppose -20 = m*a + 6. Let p = 18 + a. What is the units digit of p?
5
Suppose 2*i = -5*n + 1636, 262 = 3*n + 2*i - 718. What is the hundreds digit of n?
3
What is the thousands digit of 1/(((-88)/(-8200))/11)?
1
Let t be 8470/49 - (-2)/14. Let j = t + -66. What is the hundreds digit of j?
1
Let c = 447 - 126. Let z = 504 - c. What is the units digit of z/4 - 9/12?
5
Let q(l) = 3*l + 5. Let h be q(-2). What is the units digit of ((-2)/h + -10)/(2/(-9))?
6
Suppose -5192 = -4*j - b, 5*b - 5200 = -4*j + 2*b. Suppose 4*s - 15 - j = 0. Suppose 5*g - 5*n - 340 = 0, 5*g - 3*n = -2*n + s. What is the tens digit of g?
6
Let a = 6 + -8. Let d be 4/a*(-18)/4. Let p = d - 1. What is the units digit of p?
8
Let z(h) = h**2 + 3*h + 1. Let c be z(-3). Let g be (40/(-16))/(c/(-2)). Suppose -3*j + g*j = 140. What is the tens digit of j?
7
What is the units digit of 6 + (262 + 2 - 6)?
4
Suppose v - 6 = -v. Suppose -c - v*s = -2*c + 53, -282 = -5*c - 2*s. What is the units digit of ((-576)/c)/(2/(-14))?
2
Let t be (7/2)/((-12)/456). What is the units digit of 76/t + (-204)/(-14)?
4
Let m = 28 - 26. Suppose -y + 37 = 4*v, 40 = 2*y + m*v - 10. What is the tens digit of y?
2
Let k be -15*((-16)/(-6) + -3 + 1). Let m(o) = -o**3 - 10*o**2 - o + 10. What is the units digit of m(k)?
0
Let i = 200 - 105. Suppose -2*k + i = -89. What is the tens digit of k?
9
Suppose 4*f + f = 15. Suppose 4*n + 2*u - 8 = 0, 2 = 2*n + f*u - 2. Let b(r) = 3*r**3 - r**2 - r - 1. What is the tens digit of b(n)?
1
What is the units digit of ((-872)/(-32))/(1/24)?
4
Suppose -6 = 5*h + 3*x, h + 3*x + 2*x + 10 = 0. Let z(n) = n**2 - n - 18. Let y be z(h). Let d = y - -26. What is the units digit of d?
8
Suppose 0*q - 32 = 4*q + 5*k, -4*q - k - 16 = 0. What is the units digit of (-154)/q + 1/(-3)?
1
What is the units digit of 8/(6 + 26) - (-6294)/8?
7
Suppose 0 = -5*i - 2*p - 1, -4*p = p - 10. What is the tens digit of (-1)/i - (15 - 60)?
4
Suppose -3*i + 2*u + 552 = 0, 2*i - 6*i + 740 = -4*u. What is the tens digit of i?
8
Let c = 15 + -9. Let z = -11 + c. Let h(a) = -a**3 - 6*a**2 - 7*a - 2. What is the units digit of h(z)?
8
Suppose 56 - 8 = -6*d. What is the units digit of d/(-14)*(-3451)/(-58)?
4
Suppose -2*x + 129 = 5. Let g = x - 28. What is the tens digit of g?
3
Suppose 0 = 4*w - 5*o - 3 + 7, -24 = -4*w - 2*o. What is the tens digit of (-180)/(-8) + (-2)/w?
2
Let w = -4502 - -7918. What is the hundreds digit of w?
4
Suppose j = 6*j + 60. Let x = j - -9. What is the units digit of (-57)/(-9) + 1/x?
6
Suppose -5*u + 18 = -2, -2*u = 5*f - 148. Suppose -2*j + f = 2*h, j + j - 2*h - 8 = 0. Let g = 36 - j. What is the units digit of g?
7
Let y(z) = 1 - 1 - 2*z + 1 + 5. Let d be y(3). Suppose d = -2*p + 40 - 16. What is the tens digit of p?
1
Let k(i) = -31*i - 5. Let l be (-24)/14 + (-6)/21. What is the tens digit of k(l)?
5
Let n(y) = 2*y - y - 5 - 4*y. Let h be n(-4). What is the units digit of (5 - h) + 4*3?
0
Let b(c) = -2*c**3 - 3*c**2 - 2*c - 3. Let t be b(-2). Let h = 7 - t. Suppose 98 = 5*r + h*w, -5*r + 4*w + 84 = -r. What is the tens digit of r?
2
What is the units digit of (6/5)/(-2 - 118704/(-59340))?
7
Suppose 6*q - 330 = 930. Let o be ((-2)/3)/((-4)/q). Suppose 2*b = -2*w + w + o, 0 = 2*b + 2*w - 30. What is the units digit of b?
0
Suppose 0 = -4*i + 5*i + 2*x - 1382, -3*i = 2*x - 4130. What is the thousands digit of i?
1
Suppose 5*v = 7*v - 4. Suppose 2*k - v = 3*k. What is the tens digit of (3/3)/(k/(-88))?
4
Let v(k) = -k + 42. Let i be v(15). Let y = 36 - i. What is the units digit of y?
9
Suppose -3*n + 1623 = -4*m, m + 794 + 293 = 2*n. What is the hundreds digit of n?
5
Let u(o) = -2*o**2 + 14*o + 2. Suppose -a = -9*a + 56. Let r be u(a). Suppose -r*j = -79 - 85. What is the tens digit of j?
8
What is the tens digit of 23/11 + -2 + (-334380)/(-220)?
2
What is the thousands 